x).
6
Let k be -5*1/1 - -1. Let o(g) = 7*g**2 + 9*g - 5. Let z(q) = -3*q**2 - 4*q + 3. Let m(f) = 2*o(f) + 5*z(f). Determine m(k).
-3
Let v(h) = -h**3 - 5*h**2 + 2*h + 7. Suppose -15 = -0*o + 3*o. Give v(o).
-3
Let q(j) = -j**2 - 5*j. Let v be q(-4). Let l be (v/(-5))/(10/(-25)). Let w(d) = 2*d + 4 + 0*d**2 - d**3 - 4*d**l + 0*d**3. Calculate w(-4).
-4
Let t(v) = -1 - 3*v + 12*v - 7*v. Let b(y) = y**2 + 3*y - 6. Let a be b(-5). What is t(a)?
7
Let h(t) = -t**3 + t - 1. Let n(k) = 13*k**3 - k**2 - 2*k + 4. Let i(z) = 3*h(z) + n(z). Give i(-1).
-11
Let c(z) be the third derivative of z**5/20 - z**4/24 - z**2. Give c(1).
2
Let h(m) = 5*m + 5. Let s(k) = k + 1. Let g(r) = -h(r) + 4*s(r). Determine g(2).
-3
Suppose 0*o - 4 = -2*n + 2*o, -2*n - 5*o + 11 = 0. Let b(m) = 0*m**2 + m**2 + 0*m**2 + 4 + 5*m - n. Let u = 5 - 10. What is b(u)?
1
Let w = 15 - 13. Let n(c) = 2*c + 2. Determine n(w).
6
Let f be (9/(-3)*(-8)/(-3))/(-2). Let h(t) = 3*t - 4*t + 3 - 2*t**2 + 3*t**2. Determine h(f).
15
Let c(k) = 8*k - 3. Let x(b) = 1. Let h(u) = -c(u) + 2*x(u). Let j(t) = -7*t + 4. Let a(q) = -4*h(q) + 5*j(q). Let v(n) = -n - 8. Let r be v(-7). What is a(r)?
3
Let d(a) = a**2 - 5*a - 8. Suppose 0*h - 9 = h. Let u = -3 - h. Give d(u).
-2
Let c(a) = -131 - 2*a + 130 - 12*a**2 + 0*a. What is c(-1)?
-11
Let h(v) = -v**2 + 5*v - 4. Let q be h(3). Let y(j) = 2*j**2 - j + 1. Let d(o) = -o**2 + o - 1. Let k(r) = -4*d(r) - y(r). Calculate k(q).
5
Let r(d) = -18*d**3 + 2*d**2 - 1. Let l be 8/2 + 10 + -13. Determine r(l).
-17
Let d be -7 + (-1 - (-4)/2). Let u(h) = -1 + 55*h - 56*h - 8. Give u(d).
-3
Suppose -w - 11 = -3*w + 5*d, 3*w = -d + 8. Let r(n) = -3*n**2 + 3*n**2 - 3*n**2 + n**w - 4*n + 6*n + 1. What is r(3)?
7
Let b be (-3*1)/(0 - 1). Let y(v) = 0 - b*v + 2 - 1. Let m = 0 + -2. Give y(m).
7
Let u(i) = -5*i - 4*i**2 + i**3 - i**3 - 3 + i**3. Suppose -4*j = 20, 4*j + 30 = 5*h + 3*j. Determine u(h).
-3
Let l(g) = -7*g**2 - 8*g + 15. Let c(v) = -4*v**2 - 4*v + 8. Let d(o) = 5*c(o) - 3*l(o). Calculate d(-6).
7
Let a(h) = -2*h - 2. Let o be (3/(-9))/(4/(-780)). Suppose 5*u + o - 5 = 0. Let p be 2/u*-3*-8. Give a(p).
6
Let r(y) be the first derivative of y**3/3 - 3*y**2 + y + 22. Let d = -9 + 15. Calculate r(d).
1
Suppose 5*u - 7*u = -3*w + 8, 0 = -4*w - 4*u - 16. Let f(c) = -38 + 37 + w*c - c. What is f(3)?
-4
Let z(d) = d + 9. Let y(w) = -3*w - 19. Let x(g) = -3*y(g) - 7*z(g). Let q be -1 + 1 - (-1 + 1). Suppose -2*o + 0 + 12 = 5*j, q = j + 2*o + 4. Determine x(j).
2
Let z(j) be the third derivative of -j**5/60 - j**4/6 - j**3/3 - 6*j**2. What is z(-5)?
-7
Let m(w) = w**2 + 5. Suppose q + q = -g + 19, q + g - 10 = 0. Let r(o) = o**3 - 10*o**2 + 8*o + 12. Let b be r(q). Suppose 0 = -b*v - v. Calculate m(v).
5
Let c(x) = -x**2 - 5*x + 3. Let h(d) = 3*d**2 + 11*d - 5. Let p(f) = -5*c(f) - 2*h(f). Determine p(5).
-15
Let r(t) = -4*t - t**3 + 4*t**2 + 3 - 5 + 4. Determine r(4).
-14
Let i be ((-2)/4)/((-1)/6). Let q(k) = -2 + 2*k**2 + 5*k - k**2 - 3*k**2. What is q(i)?
-5
Let k(l) be the third derivative of l**6/120 + l**5/10 - l**4/12 - 7*l**3/6 - 8*l**2. What is k(-6)?
5
Let s(f) = -8*f**3 + f. Let v = -31 + 11. Let u = v + 19. Calculate s(u).
7
Let p(y) = y**2 + y**3 - y - 4*y - 5 + 2. Let c = 1 + 1. Suppose c*u - 3 = -9. Give p(u).
-6
Suppose -8 = -4*p + 8. Let v(r) = -r**2 + 7*r - 6. What is v(p)?
6
Let p(d) = -d**2 + 4*d - 4. Let u be 1/6 - (-7 + 152/48). Give p(u).
-4
Let o(n) = -17*n - 2. Let l(q) = -8*q - 1. Let y(t) = -5*l(t) + 2*o(t). What is y(-3)?
-17
Let l(y) = -y**3 + 4*y**2 - 2*y + 1. Suppose -31 = -5*o + 2*v, 4*o - 17 - 9 = v. Suppose -4*z - 4*i = -4, 2*i - o*i - 15 = 0. What is l(z)?
-7
Let n(v) be the second derivative of -v**3/2 + 2*v**2 + v. Let a be 2/5*(1 - -9). Suppose -o = a*p - 1, -4*o + 25 = -0*o - 5*p. What is n(o)?
-11
Let y(p) = -p**2 + 9*p - 10. Let x be y(7). Let d = 3 - -7. Suppose 0 = -2*o - x*m + d, -3*m - m - 5 = -o. Let w(l) = -2*l + 2. Calculate w(o).
-8
Let d be 2/(-13) + 536/104. Let q be 20/6*(-30)/25. Let t(b) = -3*b - 1. Let w(n) = -4*n - 1. Let z(u) = q*w(u) + 5*t(u). Give z(d).
4
Let j(m) = m**3 - m. Suppose -5 = -2*b - 1. Determine j(b).
6
Let o be 1 - 0 - (3 + 4). Let w(r) = -7 - 2 + 0*r**3 - 6*r**2 - 2*r**3 - 3*r + r**3. Give w(o).
9
Let g(w) = 2*w - 6. Let d be g(4). Let p(c) = -6*c**3 + 2*c**2 + 7*c - 7. Let b(n) = n**3 - n + 1. Let z(q) = 5*b(q) + p(q). Calculate z(d).
2
Let i(j) be the second derivative of j**3/6 - 41*j. Give i(-5).
-5
Let l(n) = 6*n - 3. Let c(o) = 17*o - 8. Let y(r) = 4*c(r) - 11*l(r). Let w be (-580)/28 + (-2)/7. Let s be 1/4 + w/(-12). Determine y(s).
5
Let m(y) be the first derivative of -y**4/4 - 5*y**3/3 + y**2/2 + 4*y + 6. Calculate m(-4).
-16
Suppose 9*z + 20 = 5*x + 4*z, 22 = 5*x - 4*z. Let p(n) = 11 - x*n - 2*n + 4*n + 5*n. Suppose 17 = -3*y - 1. Determine p(y).
5
Let p(g) = -g + 1. Suppose -d + 3*c + 5 = -3, -40 = -5*d - 3*c. Let w = -5 + d. Suppose 2*b - 4 = 2*k - w*k, k - 8 = -3*b. Calculate p(b).
-3
Let j = -13 + 18. Let o(t) = t**2 - 4*t + 5. What is o(j)?
10
Let z(x) = -6*x**2 - 2*x - 9. Let w(s) = s**3 - 8*s**2 - 9*s - 7. Let u be w(9). Let v(p) = -5*p**2 - p - 8. Let f(j) = u*v(j) + 6*z(j). Determine f(-6).
-4
Let y be 1/2 - 13/(-2). Let u(x) = -x**2 + 7*x + 3. Let o be u(y). Let n(c) = 0*c**2 - 4*c**2 - c - c**3 - o - c**2. Determine n(-5).
2
Let z(t) be the third derivative of -t**6/120 - t**5/30 + t**4/12 + t**3/3 + 8*t**2 - 3*t. What is z(-2)?
-2
Let p(i) = -3*i - 5. Let j(g) = g + 2. Suppose 6*n = n + 5*u, -4*n = -u + 9. Let m be (-32)/n + (-1)/(-3). Let x(q) = m*j(q) + 4*p(q). What is x(-4)?
6
Let x(h) = 3*h**3 - h. Suppose -3*s + 14 = -s. Suppose 12 = 3*r - 0*r. Suppose 0 = -r*b - 3 + s. Give x(b).
2
Let l be (-8)/6*(-57)/38. Let u(s) be the third derivative of 0*s - s**l - 1/15*s**5 - 1/6*s**4 - 1/3*s**3 + 0. What is u(-2)?
-10
Let s(j) be the second derivative of -j**5/20 + j**4/4 + 5*j**3/6 + 3*j**2/2 - 9*j. What is s(4)?
7
Let g = 85 - 91. Let c(q) = q**2 + 9*q + 6. Give c(g).
-12
Suppose 0 = 4*s - 5*s + 2. Suppose -2 = -2*n + s. Let v(k) = -2*k**3 + 3*k**2 - 2*k - 1. Determine v(n).
-9
Let f(w) = 3*w**2 + 5*w - 3 + 1 - w**2. Suppose 5*p = -4*v - 23 - 17, -p - 2*v - 14 = 0. Calculate f(p).
10
Let g(a) be the third derivative of -a**4/24 - a**3 - 12*a**2. Calculate g(0).
-6
Let y(q) = q - 4. Let v be y(5). Let a(i) be the second derivative of 5*i**4/12 + i**3/6 - i**2/2 - 18*i. What is a(v)?
5
Let d(g) = -2*g**2 + 4 - 3 + 12*g + 4*g**2 - 8*g. Let t(x) = 8*x - 2*x**3 + 8 + 3*x**2 + 4*x**2 + 1 + 3*x**3. Let n be t(-6). Determine d(n).
7
Let o(p) = 3*p + 2*p**2 + 3*p**2 - 2*p**2 - 5 - 4*p**2. Give o(4).
-9
Let p be 4/(-10) - (-28)/70. Let l(d) = d**2. Calculate l(p).
0
Let h be (-3 - -6)*8/6. Let s(y) = -25*y + 3 - h + 27*y. Suppose 5*j - 1 = 4. What is s(j)?
1
Let t(a) = -a + 8. Let b(h) = -2*h + 9. Let z(k) = -4*b(k) + 5*t(k). Calculate z(-3).
-5
Suppose -3*a + 19 = 7. Let d(f) = -4 - a + 5 + 1 - 2*f. Determine d(-4).
6
Let o(c) = c**2 + 3*c - 4. Suppose -4*u - 4*p + 12 = 0, 0 = -4*u + 5*p - 19 - 14. Let y = u + -3. Calculate o(y).
6
Let q(l) be the first derivative of -l**2 - l - 25. Determine q(5).
-11
Let z(g) be the first derivative of g**4/4 - g**3/3 - g**2/2 + g - 1. Suppose 5*t - 40 = -5*a, t = -2*a - 5 + 18. Let u(k) = -k + 3. Let p be u(t). Give z(p).
1
Let i(v) = -v**2 + 11*v - 7. Let q be i(9). Let o be (-24)/(-14) + 2/7. Suppose 1 = -o*t + q. Let r(l) = 2*l. Calculate r(t).
10
Suppose -3 - 1 = -4*s. Let v(o) = o + 2*o - 2*o + s + 0*o. Calculate v(-5).
-4
Let t(y) = -y. Let v(g) = 12*g. Let o = -23 + 20. Let l(j) = o*t(j) - v(j). Determine l(1).
-9
Let n = -4 - -8. Suppose u - 19 = -n*g - 7, -5*g = -4*u - 36. Let o(p) = -p**2 + 5*p - 6. Determine o(g).
-2
Let y(a) = 4*a + 2. Let i(l) = l**2 - 8*l. Let x be i(8). Suppose 4*j + 3 + 13 = x. What is y(j)?
-14
Let j(o) = -o**3 + 2*o**2 + 3*o. Let l = -19 - -17. Give j(l).
10
Let a(c) = -c**2 - 4*c - 2. Let q(b) = -b**2 + 2*b + 9. Let j be q(-3). Give a(j).
-14
Let t(p) = -p**3 - 10*p**2 + 11*p + 5. Let f be t(-11). Let h(c) be the first derivative of -c**2/2 + 4*c + 1. Calculate h(f).
-1
Let a(n) = n**3 + 4*n**2 + 0*n**2 - 7*n + 3*n + 7. Determine a(-5).
2
Let s(d) = 5*d + 1. Let a(c) = -11*c - 1. Let v(b) = 4*a(b) + 9*s